 - 4 + 4 = 0. Suppose i = -99*y + 96*y + 21. Calculate the remainder when 82 is divided by y.
5
Suppose 89 + 581 = 5*m. Let t(p) = 40*p + 9926. What is the remainder when m is divided by t(-247)?
42
Let c = 4899 - 4822. Calculate the remainder when 283 is divided by c.
52
Suppose 184*a - 188*a - 4*y + 1076 = 0, -3*a - 4*y = -807. Calculate the remainder when a is divided by 60.
29
Let d = 70 - 25. Let i = -657 - -661. Calculate the remainder when 190 is divided by 3 - (i - 5)*d.
46
Suppose 3906 - 1146 = 5*m. Suppose 0 = 20*w - 6608 - m. Calculate the remainder when w is divided by 40.
38
Let v(t) be the third derivative of -t**6/120 - t**5/20 + t**4/6 + t**3 - t**2. Calculate the remainder when 143 is divided by v(-5).
35
Suppose -23*z + 4*q + 140 = -22*z, 2*q + 4 = 0. What is the remainder when 368 is divided by z?
104
Suppose -3*n + 35 = 4*p, -3*p + 18 = -n - 18. Suppose -905 + 124 = -p*w. What is the remainder when w is divided by 28?
15
What is the remainder when 482 + 3 - (1 + (-56)/(-7)) is divided by 42?
14
Let y be ((5 + -4)*246)/2. Let b = -104 + y. Suppose 72 = 3*r - 201. Calculate the remainder when r is divided by b.
15
Suppose -6215 = -5*y - 3*d - 6120, 5*y = 5*d + 135. Suppose 3*s + 4*t = 1096, 0 = -3*s - 5*t + 118 + 973. What is the remainder when s is divided by y?
20
Let y(h) = -60*h + 194. Calculate the remainder when 262 is divided by y(3).
10
Let u(x) = x**3 + 2*x**2 + 5. Suppose -6*k = -453 + 285. What is the remainder when u(4) is divided by k?
17
Suppose 5*t - 6 = 3*t. Suppose -5*n + 140 = -5*j, -2*n = -8*j + t*j - 56. Calculate the remainder when n is divided by (-66)/(-4) + 1/(-2).
12
Calculate the remainder when 7197 is divided by (-45)/(14*(-11)/154).
42
Let k = -3160 + 3770. What is the remainder when k is divided by 26?
12
Suppose 3*v - 12 = -v. What is the remainder when ((-3)/(-1))/(105/210) is divided by v?
0
Calculate the remainder when 2804 is divided by (-24)/(3 - 0) - (-310)/5.
50
Let l(d) be the third derivative of -d**5/30 - 3*d**4/4 - 5*d**3/3 + 2*d**2 + 9. What is the remainder when 160 is divided by l(-7)?
16
Suppose -2*c = -p - 307, c + 0*p - 161 = 2*p. Let l = -126 + c. Suppose -14 = -2*u - 2*s, -5*s + 26 = 2*u - 0*s. Calculate the remainder when l is divided by u.
1
Suppose 3*f - 2*g - 2 = 0, -2*f - 3*g - 3 = -0*f. Suppose 17*t - 18*t + 187 = f. What is the remainder when t is divided by 32?
27
Let d be (-3)/1 + 64/4. Let r(q) = 5 + 3*q - 5*q + 6 + d. What is the remainder when 46 is divided by r(0)?
22
Suppose -2*t = 2*c - 35 - 11, 4 = -4*t. What is the remainder when ((-2)/(-6))/(38/18696) is divided by c?
20
Let v(j) = -91*j + 20. Let h be v(-6). Suppose -h + 97 = -7*q. What is the remainder when 204 is divided by q?
3
Suppose 7266 - 5421 = 15*j. Calculate the remainder when j is divided by 37.
12
Let m(u) = 3*u**2 + 2. Let k(v) = -v**3 + 2*v**2 - 2. Let f be k(2). Let x = 15368 - 15362. Calculate the remainder when m(f) is divided by x.
2
Suppose 0 = 22*q - 272 - 227 - 271. Calculate the remainder when 157 is divided by q.
17
Suppose 0 = 5*m + 13*r - 2346, 346 = -2*m - 2*r + 1278. Calculate the remainder when m is divided by 39.
35
Suppose -4*q + 3*z - 4 = 0, 0 = 5*q - z - 3*z + 5. Calculate the remainder when 211 is divided by q*(-158)/3 - 3/(-9).
52
Let z(b) = -b**3 - b**2 + 6*b + 7. Let p be z(-3). Let v be (0 + 1)*p/(42/(-354)). Let j = v - -94. Calculate the remainder when j is divided by 20.
15
Let t(s) = -2*s**3 - 32*s**2 - 32*s - 21. Suppose -28*q = -37*q - 135. Suppose 5*d - 40 = d. Calculate the remainder when d is divided by t(q).
1
Suppose 3*f - t - 3600 = -4*t, 3592 = 3*f + t. What is the remainder when f is divided by 391?
23
Let x be -46*(-3 - 1)*1. Let s = x + -155. Calculate the remainder when 139 is divided by s.
23
Let x(n) = -1290*n + 6471. Calculate the remainder when 447 is divided by x(5).
6
Let l(u) = -46*u - 11. What is the remainder when l(-10) is divided by 10?
9
Suppose 3880908 = 348*t + 1614384. What is the remainder when t is divided by 18?
15
Let l = -281 - -283. Suppose -2*v + u = -3*u - 68, 0 = -4*v - l*u + 126. Calculate the remainder when v is divided by 7.
4
Let h = 115432 - 115419. Let l = 20 - -15. Calculate the remainder when l is divided by h.
9
Let b = 3219 - 3190. Calculate the remainder when 55 is divided by b.
26
Suppose 26*c - 2189 - 931 = 0. Suppose 27*a - c = 22*a. What is the remainder when 58 is divided by a?
10
Suppose 6*m - 1725 + 1339 = 1984. Calculate the remainder when m is divided by 63.
17
Suppose 2210 = 49*b - 2930 + 1269. Calculate the remainder when 671 is divided by b.
39
Suppose -2*l + 638 = -4*o, -2*l + l = -4*o - 321. Let k = l + -219. What is the remainder when k is divided by 27?
17
Let k(p) be the third derivative of 0 + 0*p + 1/10*p**5 + 1/4*p**4 - 1/6*p**3 - 9*p**2. What is the remainder when k(4) is divided by 40?
39
Let o(m) = 45*m + 33. Let f be o(-5). Let g = f - -271. What is the remainder when g is divided by 20?
19
Let b be (7232/(-24) - 0)*(-9)/(-6). Let a = 497 + b. What is the remainder when a is divided by 2?
1
Let l = -1560 - -1569. Let h(d) = -9*d - 4. Let f(z) = -2*z - 1. Let c(w) = -11*f(w) + 2*h(w). What is the remainder when c(5) is divided by l?
5
Let a = -209 + 136. Let o = a + 98. Calculate the remainder when 68 is divided by o.
18
Suppose 0 = 5*h, -3*m - 2*h + 15 = -9. Suppose 20 = 3*i + 5*k, k + 1 + 1 = 0. Let q = i - -4. Calculate the remainder when q is divided by m.
6
Let h = 54 + -10. Let y(d) be the first derivative of d**3/3 - d**2/2 - 11*d + 15. What is the remainder when h is divided by y(-4)?
8
Let k(g) = -44*g - 947. What is the remainder when k(-27) is divided by 31?
24
Let y = -133 - -155. Suppose 13*t - y*t = -2106. Calculate the remainder when t is divided by 14.
10
Let f = -29 - -34. What is the remainder when 89 is divided by 0 + (f - 4)*4 + 23?
8
Let n(w) = -260*w - 75. Let q be n(-2). Calculate the remainder when q/6 + 7/(-42) is divided by 43.
31
Let w = -4403 + 5380. What is the remainder when w is divided by 41?
34
Let y(x) = -5*x - 15. Let t(f) = -4*f - 4. Let j be t(1). Let u be y(j). Let q = u + -15. Calculate the remainder when 39 is divided by q.
9
Suppose 36*x - 10012 = 34520. Calculate the remainder when x is divided by 27.
22
What is the remainder when 1502 - 14/(-42)*27 is divided by 498?
17
Let j = -825 + 826. Calculate the remainder when 47 is divided by -15*(j + 3)*2/(-12).
7
Let v = 4169 - 2232. Suppose 30*l - v = 13. What is the remainder when 382 is divided by l?
57
Let i = -12524 + 17771. Calculate the remainder when i is divided by 250.
247
Let s(o) = 13*o**2 + 97*o - 95. Suppose -2*l + 13 = -3. What is the remainder when s(1) is divided by l?
7
Suppose -q - 28 = -5*q. Suppose 61*f - 413 = -5*f - 17. What is the remainder when q is divided by f?
1
Suppose 195*d + 100*d - 335500 = -10*d. Calculate the remainder when d is divided by 217.
15
Suppose 0 = w - 5*o - 46, 5*w = -o - 0*o + 178. Calculate the remainder when (-1099)/(-84) + 3/(-36) + 886 is divided by w.
35
Let j = -1810 - -1824. Calculate the remainder when 1622 is divided by j.
12
Suppose -6*z + 5989 - 211 = 0. What is the remainder when z is divided by 17?
11
Let a(o) = 12*o + 1067. Calculate the remainder when a(-7) is divided by 163.
5
Suppose 2*n + 5*v - 106 = 23, -265 = -4*n - 3*v. Suppose 2704 + 3853 - 1653 = 385*z - 4336. What is the remainder when n is divided by z?
19
Let s = 63 + -37. Calculate the remainder when ((-568)/30)/(308/(-2310)) is divided by s.
12
Suppose -10 = -z + 6*z. Let o = -49 + 132. What is the remainder when o is divided by (2/z)/((-6)/252)?
41
Suppose -6*t + 12*t - 306 = 0. Suppose -8208 = 71*c - 62310. Calculate the remainder when c is divided by t.
48
Calculate the remainder when ((-3)/(-18) + (-50)/75)/((-5)/740) is divided by (-540)/(-21) - 4/(-14).
22
Let o = 188 + -104. Suppose 0 = 8*z - 2*z - o. Let f(m) = m**2 - 10*m + 4. Calculate the remainder when z is divided by f(10).
2
Let b(s) = 69*s + 115. Let v(j) = 1. Let z(n) = b(n) - 115*v(n). Calculate the remainder when z(2) is divided by 14.
12
Suppose -3*a - 3*p - 6 = 0, a + 121 = p + 135. What is the remainder when 4349 is divided by a?
5
Suppose 9*y + 20 - 13 = -2*t, 2*t - y = 63. Suppose 0 = -3*a + 60 + 6. What is the 